{"version":"1.0","provider_name":"dmcsrb.com","provider_url":"https:\/\/dmcsrb.com\/en","author_name":"dmcsrbija.com@gmail.com","author_url":"https:\/\/dmcsrb.com\/en\/author\/dmcsrbija-comgmail-com\/","title":"Izrael odgovorio na priznanje Palestine: Najavljena aneksija - dmcsrb.com","type":"rich","width":600,"height":338,"html":"<blockquote class=\"wp-embedded-content\" data-secret=\"Z7MdJGxoSc\"><a href=\"https:\/\/dmcsrb.com\/en\/svijet\/izrael-odgovorio-na-priznanje-palestine-najavljena-aneksija\/\">Izrael odgovorio na priznanje Palestine: Najavljena aneksija<\/a><\/blockquote><iframe sandbox=\"allow-scripts\" security=\"restricted\" src=\"https:\/\/dmcsrb.com\/en\/svijet\/izrael-odgovorio-na-priznanje-palestine-najavljena-aneksija\/embed\/#?secret=Z7MdJGxoSc\" width=\"600\" height=\"338\" title=\"&#8220;Izrael odgovorio na priznanje Palestine: Najavljena aneksija&#8221; &#8212; dmcsrb.com\" data-secret=\"Z7MdJGxoSc\" frameborder=\"0\" marginwidth=\"0\" marginheight=\"0\" scrolling=\"no\" class=\"wp-embedded-content\"><\/iframe><script>\n\/*! This file is auto-generated *\/\n!function(d,l){\"use strict\";l.querySelector&&d.addEventListener&&\"undefined\"!=typeof URL&&(d.wp=d.wp||{},d.wp.receiveEmbedMessage||(d.wp.receiveEmbedMessage=function(e){var t=e.data;if((t||t.secret||t.message||t.value)&&!\/[^a-zA-Z0-9]\/.test(t.secret)){for(var s,r,n,a=l.querySelectorAll('iframe[data-secret=\"'+t.secret+'\"]'),o=l.querySelectorAll('blockquote[data-secret=\"'+t.secret+'\"]'),c=new RegExp(\"^https?:$\",\"i\"),i=0;i<o.length;i++)o[i].style.display=\"none\";for(i=0;i<a.length;i++)s=a[i],e.source===s.contentWindow&&(s.removeAttribute(\"style\"),\"height\"===t.message?(1e3<(r=parseInt(t.value,10))?r=1e3:~~r<200&&(r=200),s.height=r):\"link\"===t.message&&(r=new URL(s.getAttribute(\"src\")),n=new URL(t.value),c.test(n.protocol))&&n.host===r.host&&l.activeElement===s&&(d.top.location.href=t.value))}},d.addEventListener(\"message\",d.wp.receiveEmbedMessage,!1),l.addEventListener(\"DOMContentLoaded\",function(){for(var e,t,s=l.querySelectorAll(\"iframe.wp-embedded-content\"),r=0;r<s.length;r++)(t=(e=s[r]).getAttribute(\"data-secret\"))||(t=Math.random().toString(36).substring(2,12),e.src+=\"#?secret=\"+t,e.setAttribute(\"data-secret\",t)),e.contentWindow.postMessage({message:\"ready\",secret:t},\"*\")},!1)))}(window,document);\n\/\/# sourceURL=https:\/\/dmcsrb.com\/wp-includes\/js\/wp-embed.min.js\n<\/script>","thumbnail_url":"https:\/\/dmcsrb.com\/wp-content\/uploads\/2026\/01\/zastava-Izrael.jpeg","thumbnail_width":1280,"thumbnail_height":853,"description":"Ekstremno desni\u010darski izraelski ministar za nacionalnu bezbjednost Itamar Ben Gvir najavio je da \u0107e na slede\u0107oj sjednici kabineta pokrenuti pitanje aneksije Zapadne obale kao odgovor na dana\u0161nju odluku Velike Britanije, Kanade i Australije da priznaju palestinsku dr\u017eavu, prenose izraelski mediji."}

Ekstremno desničarski izraelski ministar za nacionalnu bezbjednost Itamar Ben Gvir najavio je da će na sledećoj sjednici kabineta pokrenuti pitanje aneksije Zapadne obale kao odgovor na današnju odluku Velike Britanije, Kanade i Australije da priznaju palestinsku državu, prenose izraelski mediji.
