{"version":"1.0","provider_name":"dmcsrb.com","provider_url":"https:\/\/dmcsrb.com\/en","author_name":"dmcsrbija.com@gmail.com","author_url":"https:\/\/dmcsrb.com\/en\/author\/dmcsrbija-comgmail-com\/","title":"Svjetski dan borbe protiv dijabetesa: Broj oboljelih raste - dmcsrb.com","type":"rich","width":600,"height":338,"html":"<blockquote class=\"wp-embedded-content\" data-secret=\"EZBVtUkrGr\"><a href=\"https:\/\/dmcsrb.com\/en\/drustvo\/svjetski-dan-borbe-protiv-dijabetesa-broj-oboljelih-raste\/\">Svjetski dan borbe protiv dijabetesa: Broj oboljelih raste<\/a><\/blockquote><iframe sandbox=\"allow-scripts\" security=\"restricted\" src=\"https:\/\/dmcsrb.com\/en\/drustvo\/svjetski-dan-borbe-protiv-dijabetesa-broj-oboljelih-raste\/embed\/#?secret=EZBVtUkrGr\" width=\"600\" height=\"338\" title=\"&#8220;Svjetski dan borbe protiv dijabetesa: Broj oboljelih raste&#8221; &#8212; dmcsrb.com\" data-secret=\"EZBVtUkrGr\" frameborder=\"0\" marginwidth=\"0\" marginheight=\"0\" scrolling=\"no\" class=\"wp-embedded-content\"><\/iframe><script>\n\/*! This file is auto-generated *\/\n!function(d,l){\"use strict\";l.querySelector&&d.addEventListener&&\"undefined\"!=typeof URL&&(d.wp=d.wp||{},d.wp.receiveEmbedMessage||(d.wp.receiveEmbedMessage=function(e){var t=e.data;if((t||t.secret||t.message||t.value)&&!\/[^a-zA-Z0-9]\/.test(t.secret)){for(var s,r,n,a=l.querySelectorAll('iframe[data-secret=\"'+t.secret+'\"]'),o=l.querySelectorAll('blockquote[data-secret=\"'+t.secret+'\"]'),c=new RegExp(\"^https?:$\",\"i\"),i=0;i<o.length;i++)o[i].style.display=\"none\";for(i=0;i<a.length;i++)s=a[i],e.source===s.contentWindow&&(s.removeAttribute(\"style\"),\"height\"===t.message?(1e3<(r=parseInt(t.value,10))?r=1e3:~~r<200&&(r=200),s.height=r):\"link\"===t.message&&(r=new URL(s.getAttribute(\"src\")),n=new URL(t.value),c.test(n.protocol))&&n.host===r.host&&l.activeElement===s&&(d.top.location.href=t.value))}},d.addEventListener(\"message\",d.wp.receiveEmbedMessage,!1),l.addEventListener(\"DOMContentLoaded\",function(){for(var e,t,s=l.querySelectorAll(\"iframe.wp-embedded-content\"),r=0;r<s.length;r++)(t=(e=s[r]).getAttribute(\"data-secret\"))||(t=Math.random().toString(36).substring(2,12),e.src+=\"#?secret=\"+t,e.setAttribute(\"data-secret\",t)),e.contentWindow.postMessage({message:\"ready\",secret:t},\"*\")},!1)))}(window,document);\n\/\/# sourceURL=https:\/\/dmcsrb.com\/wp-includes\/js\/wp-embed.min.js\n<\/script>","thumbnail_url":"https:\/\/dmcsrb.com\/wp-content\/uploads\/2026\/01\/dijabetes-secerna-bolest-foto-kccg.webp","thumbnail_width":924,"thumbnail_height":545,"description":"Dok se svijet na ovogodi\u0161nji Dan dijabetesa fokusira na podr\u0161ku radno aktivnim osobama, adultni pacijenti u Crnoj Gori i dalje \u010dekaju tehnologiju i uslove koji su drugdje standard. Broj oboljelih od dijabetesa u Crnoj Gori raste iz godine u godinu, pokazuju podaci Instituta za javno zdravlje, dok adultni pacijenti koji \u017eive sa dijabetesom tipa 1 upozoravaju da se i dalje suo\u010davaju sa ozbiljnim ograni\u010denjima \u2013 od nedostatka senzora i trakica, do izostanka psiholo\u0161ke i nutricionisti\u010dke podr\u0161ke. Ovogodi\u0161nja kampanja Me\u0111unarodne federacije za dijabetes (IDF), pod sloganom \"Znaj vi\u0161e i u\u010dini vi\u0161e za dijabetes na poslu\u201c, dodatno nagla\u0161ava izazove sa kojima se oboljeli suo\u010davaju upravo u radnom okru\u017eenju."}

Dok se svijet na ovogodišnji Dan dijabetesa fokusira na podršku radno aktivnim osobama, adultni pacijenti u Crnoj Gori i dalje čekaju tehnologiju i uslove koji su drugdje standard. Broj oboljelih od dijabetesa u Crnoj Gori raste iz godine u godinu, pokazuju podaci Instituta za javno zdravlje, dok adultni pacijenti koji žive sa dijabetesom tipa 1 upozoravaju da se i dalje suočavaju sa ozbiljnim ograničenjima – od nedostatka senzora i trakica, do izostanka psihološke i nutricionističke podrške. Ovogodišnja kampanja Međunarodne federacije za dijabetes (IDF), pod sloganom "Znaj više i učini više za dijabetes na poslu“, dodatno naglašava izazove sa kojima se oboljeli suočavaju upravo u radnom okruženju.
